55 = 1018*h. Let p = h + a. What is the highest common divisor of p and 5?
1
Let t = 198 + -398. Let r be t/30*54/(-4). Calculate the greatest common divisor of 225 and r.
45
Let a(z) = 39*z**2 + 149*z + 599. Let f be a(-4). Calculate the highest common factor of 76 and f.
19
Let v = -6 + 12. Let f(y) = -18 + y**2 + 45 + 13*y - 22 - 3*y**2. Let q be f(v). Calculate the greatest common factor of q and 110.
11
Let r = -32285 + 32654. Calculate the greatest common divisor of 1206 and r.
9
Suppose 0 = 5*f - 19*h + 37*h - 821, 0 = 5*f + h - 872. Calculate the greatest common factor of 95 and f.
5
Let h be 486/4 + (22/4 - 55/11). Calculate the highest common divisor of h and 12627.
61
Suppose 120*f - 139*f + 29241 = 0. What is the highest common factor of f and 209?
19
Let q be (16 + -10)/6 - ((-1)/(-1) - 864). What is the highest common divisor of q and 640?
32
Suppose -5*x + 2 = -3*w, -2*x + 2 - 1 = -w. Suppose 5*b = 16 - x. Suppose -6*y = -3*y - b. What is the greatest common factor of 1 and y?
1
Suppose q = -3*j + 396, 5*q - 811 = 4*j + 1131. Suppose q = -0*y + 5*y + 3*g, y - 5*g = 78. What is the highest common divisor of y and 286?
26
Suppose 37 = q - 2*f, -4*q + f - 174 = -9*q. Suppose w = -k + 360, -40*w - 1413 = -4*k - q*w. Calculate the highest common divisor of 3 and k.
3
Let d = -73 - -69. Let k be 30/12*(-2 - d). Suppose s = -k*n + 113, -5*n - 310 = -2*s - 54. Calculate the greatest common divisor of s and 41.
41
Let a = -9880 + 9978. What is the highest common factor of a and 8869?
49
Suppose 10*v = 14*v - 96. Let h = -27 + 32. Suppose -3*l = 4*z - 99, -4*z + 66 = -h*l - 25. Calculate the greatest common divisor of v and z.
24
Let r(s) = -s + 98. Let m be r(-22). What is the greatest common divisor of 162 and m?
6
Let y(x) be the first derivative of x**4/4 + 8*x**3/3 - 5*x**2/2 - 17*x - 58. Let j = 11 + -19. Let k be y(j). What is the highest common factor of k and 253?
23
Suppose 139 = 5*q - 71. Let w be (-3 - -2)/(15295/(-1911) + 8/1). What is the highest common factor of w and q?
21
Suppose -672 = -3*u + u. Let o = 227013 - 226869. What is the highest common factor of u and o?
48
Let w be 27/(324/(-120))*(-261)/5. What is the greatest common divisor of 290 and w?
58
Let z(s) = 284*s - 1316. Let k be z(5). What is the greatest common factor of 1131 and k?
13
Suppose 0*x - 2316 = -4*x - 4*j, -4*j - 2292 = -4*x. Suppose -x - 2691 = -11*g. What is the greatest common divisor of 27 and g?
27
Suppose 0 = 97*u + 34*u - 48667 - 63338. Calculate the highest common factor of u and 665.
95
Let v be (-1)/((-5)/(-222)) - (-22)/55. Let b be (-16)/3*(231/v - -3). Calculate the greatest common divisor of b and 162.
6
Let l = -75 + 77. Suppose l*g = -4*t + 5*g + 13, t - 22 = -3*g. Calculate the greatest common factor of 189 and t.
7
Suppose -286*u = -77 - 70 - 139. What is the highest common divisor of u and 352?
1
Let r be (-26640)/(-192) - 2/(-8). Suppose -5 = -12*j + r. Let n be (0 - -1)*4*6. What is the highest common divisor of n and j?
12
Let g be (-27960)/(-92) - -2 - (-11 - (-1255)/115). Calculate the highest common factor of 1632 and g.
102
Let n = -415 - -681. Suppose 22*l - n = 20*l. Suppose 4*x - 127 = l. Calculate the greatest common divisor of x and 26.
13
Let s be (994/(-28))/(19/(-2166)). What is the greatest common factor of 228 and s?
57
Let m be 18/(-42) - (-9374208)/238. What is the highest common factor of m and 38?
19
Let t = 112 - 128. Let y be (-64)/6*(t - -7). What is the greatest common divisor of 12 and y?
12
Suppose 389 = 2*n + 3*w + 2*w, 4*n - 763 = 5*w. Suppose 26*x - 18*x = n. Let g(h) = 2*h. Let r be g(3). Calculate the highest common divisor of r and x.
6
Let b = 690 - 685. Let z(n) be the second derivative of n**5/20 - n**4/4 - n**3 - n**2/2 - n. Let m be z(b). What is the highest common divisor of m and 76?
19
Suppose 4*u - 134 = -0*u + 3*i, -3*u + 2*i = -100. Let f(c) = -c + 8. Let n be f(2). Suppose 3*z + 144 = n*z. Calculate the highest common divisor of u and z.
16
Let u be (-26)/(-3) + 3/9. Let c(v) = -v**3 + 9*v**2 + 14*v + 15. Let a be c(6). Calculate the highest common factor of a and u.
9
Let c = 1953 - 1539. Calculate the highest common factor of 90 and c.
18
Let h(y) be the first derivative of -y**4/4 + 25*y**2/2 + 9*y - 33. Let j be h(5). What is the highest common factor of j and 1?
1
Let o be (-3)/4 + 40671/36 + 11 + 0. What is the highest common divisor of o and 2?
2
Let a = -121 + 139. Let h be (0 - 2/1)/2. Let n(x) = -28*x**3 + x. Let v be n(h). Calculate the greatest common divisor of v and a.
9
Suppose 399*t + 4*s = 396*t + 152, -3*t + 3*s + 159 = 0. What is the greatest common factor of t and 252?
4
Let h be ((-86)/(-6))/((697/(-1071))/(-41)). What is the greatest common factor of h and 42?
21
Let i(o) be the second derivative of -o**5/20 + 2*o**4/3 - o**3/6 - 18*o**2 - 27*o - 1. Let f be i(6). Calculate the highest common divisor of 110 and f.
10
Let b be 4 + -5 - (-301 + 0). Suppose -11*f + b = -646. Suppose -13*w + 70 + f = 0. Calculate the highest common divisor of 8 and w.
4
Suppose 7*c - 3*c = m - 6128, -8 = 4*c. What is the highest common factor of 36 and m?
36
Let a = 12897 - 9097. Calculate the highest common divisor of 456 and a.
152
Let o(l) = l**3 + 13*l**2 - 13*l + 1. Suppose 61 = -7*f - 30. Let w be o(f). Calculate the greatest common factor of 10 and w.
10
Let h be 3/21 - (4594/(-7))/(-2). Let i = h - -643. Let o = i - 153. Calculate the greatest common divisor of 27 and o.
27
Let n(u) = 93*u + 1530. Let v be n(-10). What is the greatest common divisor of 24 and v?
24
Suppose 5*d + 76 - 26 = 4*x, 3*x - 3*d = 42. What is the highest common divisor of x and 14660?
20
Let z = -37467 - -37493. Suppose -l + 5 = -21. Calculate the highest common factor of l and z.
26
Let x(o) be the third derivative of o**6/24 + o**5/12 - o**4/12 - o**3 + 62*o**2. Let y be x(2). What is the highest common factor of y and 175?
25
Let k(q) = -56*q**2 + 351*q + 21. Let b be k(5). Suppose -5*o - 23 = -103. What is the highest common factor of b and o?
8
Let z(f) = -4*f**2 + 117*f - 17. Let j be z(29). Suppose -69 = -j*d + 99. What is the greatest common divisor of 238 and d?
14
Let h be (-172)/6*((-10)/1 + -19 + 23). Calculate the highest common divisor of h and 8.
4
Let w = 42 - 51. Let b(y) = 11*y + 22. Let h be b(w). Let d = h - -109. What is the highest common divisor of 16 and d?
16
Suppose -3*x - 5*r + 322 = 0, 0 = 6*x - 4*x + 3*r - 214. Suppose 15*i - 10*i = -3760. Let w be x/78 + i/(-3). What is the highest common factor of w and 28?
28
Let u(f) = f**2 + 5*f - 8. Let c be u(-6). Let w be c + 1 - (3 - 5). Let h be (6/9)/(29/87). Calculate the highest common factor of w and h.
1
Let r(a) = -3*a + 104. Let z(t) = 13*t - 521. Let m(l) = 11*r(l) + 2*z(l). Let u be m(10). Calculate the highest common factor of 416 and u.
32
Let y = -110 - -122. Suppose y*l - 121 = 119. What is the highest common divisor of l and 45?
5
Let n = -7416 + 7803. Calculate the greatest common divisor of 602 and n.
43
Let a(r) = -81*r - 26. Let w(d) = -d. Let v(l) = a(l) + 4*w(l). Let x be v(-5). Calculate the highest common divisor of x and 57.
57
Suppose 0 = -2*s + 3*f - f + 296, 163 = s - 4*f. Suppose -5*l = 4*n - s - 245, 4*l = -3*n + 311. Calculate the highest common factor of l and 30.
10
Let a(q) = 44*q**2 + 63*q - 544. Let r be a(9). What is the highest common divisor of r and 17?
17
Suppose 2*g + 2*v + 764 = 0, -g + 3*v - 399 = 3. Let b = g + 401. Calculate the highest common factor of 602 and b.
14
Let r be (1 - (-39)/(-45)) + (-51)/45. Let b = r - 8. Let q = 15 - b. Calculate the greatest common divisor of 8 and q.
8
Suppose 129*j = -45*j - 438 + 30018. What is the highest common divisor of 9962 and j?
34
Let p = 5 - 3. Let q be -1 + 5 + 18 + -27 - -560. Let u = q + -537. Calculate the highest common divisor of p and u.
2
Suppose 0 = 3*x - a - 164, 5*x - 25 = -5*a + 215. Let r = -1416 - -2414. Let w = -574 + r. Calculate the highest common factor of x and w.
53
Let k(s) = -3*s + 4. Let h be k(24). Suppose 3*r = -2*d + 283, -4*r = -6*r + d + 184. Let z = h + r. Calculate the greatest common factor of 25 and z.
25
Suppose 243*f - 55*f - 2256 = 0. What is the highest common factor of 172 and f?
4
Suppose -2*p - 330*x